(0 - -6)*(40/3)/2. Let s = -82 - -160. Let b = s + -68. What is the highest common divisor of b and z?
10
Suppose -80 = -13*t + 8*t. Suppose -5*i = 5, -i = 5*v + 2 - t. Suppose 35 = 4*z + 5*s, -3*z + v*s + 16 = 2*z. Calculate the greatest common factor of 10 and z.
5
Let f(m) = -m**3 + 26*m**2 - 17*m - 197. Let q be f(25). Calculate the greatest common factor of 147 and q.
3
Suppose 43 + 117 = 5*d. Suppose 27*a = -c + 30*a + 79, -5*c - 5*a + 295 = 0. What is the highest common divisor of d and c?
32
Let p(x) = x**2 + 9*x + 14. Let m be p(-16). Let o = 32 - 24. Suppose -o*y = -7*y - 84. What is the highest common factor of y and m?
42
Let p(t) = -t**3 + 15*t**2 - 13*t + 44. Let i be p(11). Suppose i = 34*m - 91. What is the greatest common factor of m and 8?
2
Let b = 3940 + -3850. Calculate the highest common factor of 330 and b.
30
Suppose 3*t = -3*s + 6771, -3*t + 26 - 17 = 0. What is the greatest common factor of s and 490?
98
Let x(b) = -b**2 - b. Let v be x(-1). Let w be (10 - -2)*(v - (-1 - 0)). Calculate the highest common factor of w and 324.
12
Let g be -5 + 4 - (0 - 5) - 3. Let o be (-6)/4*(-6)/g. Calculate the highest common divisor of o and 72.
9
Suppose 5*k + 262 = 927. Suppose 7*x - k = -0*x. Calculate the greatest common factor of x and 361.
19
Suppose 117*n - 32*n - 163625 = 0. Calculate the highest common factor of n and 75.
25
Suppose 34*n - 2*k - 30750 = 29*n, 0 = -2*n + 2*k + 12294. What is the greatest common divisor of 8 and n?
8
Suppose -67*g + 64*g - 2*w + 238 = 0, 0 = -3*g + 3*w + 228. Suppose -3*t - 107 = -d + 35, 5*d - 4*t - 666 = 0. What is the highest common divisor of g and d?
26
Let i be ((-18)/15)/((-15)/50). Let q be (-3028)/(-14) + (-6)/21. Suppose x = 5*h - 0*x - q, x + 128 = 3*h. Calculate the greatest common divisor of i and h.
4
Suppose 0 = 29*x - 30*x - 3*f - 1, -3*f + 9 = 3*x. Suppose -o = o - 52. Suppose o = r + 3*q, 0*r - r + 4*q = -x. What is the highest common factor of 34 and r?
17
Let q(h) = -495*h + 3096. Let w be q(5). What is the greatest common divisor of 81 and w?
27
Let n(u) = -2*u**3 + 25 + 30*u + 24*u**2 - 7 + u**3 + 9. Let m be n(25). Calculate the highest common divisor of m and 8.
8
Let f = -585 + 13710. Calculate the highest common factor of f and 21.
21
Let b = -414 - -1352. Calculate the greatest common divisor of b and 112.
14
Suppose -b + 4*b + 2*o = -2284, 4*b - 4*o = -3052. Let t = -686 - b. Calculate the greatest common factor of 380 and t.
76
Suppose -247 + 1403 = 34*s. Calculate the highest common divisor of s and 66810.
34
Let u be 66 - 2*(-2)/(-4). Suppose u = 3*v - 2*p - 2*p, -2*p + 50 = 4*v. Let d = 1184 - 1169. What is the greatest common factor of v and d?
15
Suppose 3*m - 2*g - 25 = -g, 4 = -4*g. Suppose v = -m*v + 63. Calculate the highest common divisor of v and 3.
1
Let x(w) = 1645*w**2 - 19*w + 18. Let z be x(1). Calculate the greatest common factor of 36 and z.
12
Let z = 5415 - 5382. What is the greatest common factor of z and 3729?
33
Let z(c) be the second derivative of -9*c**3/2 - 99*c**2/2 + 9*c. Let x be z(-9). What is the greatest common factor of 3 and x?
3
Let a = -258 - -270. Suppose a*z + 20956 = 43*z. Calculate the greatest common factor of 52 and z.
52
Suppose -11895 = -45*u - 9555. Calculate the highest common divisor of u and 299.
13
Let c(q) be the second derivative of 79*q**3/3 + 17*q**2 - 2*q + 9. Let k be c(1). Calculate the highest common factor of k and 480.
96
Let x = -22 + 24. Suppose 52*r - 2128 = 1096. What is the greatest common divisor of r and x?
2
Let q be -2*-3*(-6)/(-27)*3. Suppose 0 = -2*o + 3*j + 11, q*o - o - 4*j = 19. Calculate the greatest common factor of 351 and o.
13
Suppose -264 = -12*j + 9*j. Let r = j - 49. Let u = r + -15. What is the highest common divisor of 8 and u?
8
Let g(u) = -u**3 - 83*u**2 + 11*u + 198. Let q be g(-84). Calculate the highest common factor of 30 and q.
30
Let b = -2117 - -3671. What is the greatest common factor of b and 42?
42
Let p = -47 + 56. Suppose 4*n + 2*c = -2, c = -n + 4*c - 11. Let h be -3*n/(-6) + 4. Calculate the highest common divisor of h and p.
3
Let y be (24/(16/4))/((-3)/(-2)). Suppose 6 = -r - y*u, 0 = r - 2*u + 4*u + 4. Let q be (r - 16/(-3))*33. Calculate the highest common factor of 10 and q.
10
Let r(l) be the second derivative of -l**4/12 - l**3/3 + 13*l**2/2 + 26*l. Let c be r(-18). Let x = -104 - c. What is the greatest common factor of x and 19?
19
Let l be -1 - (1 + -1) - -19. Let r = 352 + -348. Suppose r*t - j - 650 = 0, 3*t + 2*t + j - 808 = 0. Calculate the highest common divisor of t and l.
18
Let k(b) = -25*b - 9. Let r be k(-6). Suppose -415 = -2*c - 5*j - 356, 2*j = 4*c - 202. Calculate the greatest common factor of c and r.
47
Suppose -3*a = 4*q - 1535, 15*q - 2*a = 12*q + 1147. Let d = q - 379. What is the greatest common factor of 13 and d?
1
Let n be (101 + 0)*(-31 + 34). Let u = -251 + n. Calculate the greatest common divisor of 8 and u.
4
Let k = 27 + 7. Let a = k + 14. What is the greatest common factor of 168 and a?
24
Suppose 5*u = u + 20. Suppose -u*x = 3 - 33. Let q be ((-15)/x)/(3*(-5)/90). Calculate the highest common divisor of q and 120.
15
Suppose -3*l + 2 = -2*d - 0, 5*l = 4*d. Let c = d - 2. Let b = 19826 + -19805. What is the highest common factor of c and b?
3
Let w = -3889 - -4505. Calculate the greatest common divisor of 112 and w.
56
Let p(h) = 77*h + 123*h + 7 - 122*h - 13*h**2. Let o be p(6). Let v = -110 - -271. Calculate the greatest common factor of v and o.
7
Let h be (14/8 + (-3982)/(-88) - 1) + 4. What is the highest common divisor of 710 and h?
10
Let y(d) = -429*d + 141. Let c be y(-3). Calculate the highest common factor of c and 294.
42
Let j = -14 - -31. Let r be (-5)/(1/4*(-16 + 12)). Suppose -r*z = -133 - 802. What is the greatest common factor of j and z?
17
Let y(r) = 3*r**2 - 14*r + 54. Let c be y(4). Let v = 106 - c. Calculate the greatest common factor of 2 and v.
2
Suppose 2*a + 3*z + 2*z + 14 = 0, -a + 2*z + 20 = 0. What is the greatest common factor of 23 and a?
1
Suppose -2*i + h = -212, -136*i - 5*h + 128 = -135*i. Calculate the greatest common factor of 63 and i.
9
Suppose 2*s - 5*m + 33 = 0, -3*s + 4*m = s + 36. Let o be s + (5 - 9)/(-1). Suppose 8*t - 192 = -o*t. Calculate the highest common divisor of 60 and t.
12
Let u = -36281 + 36596. Suppose a - 4*n - 35 = 0, 4*a - 5*n - 182 = -42. What is the greatest common divisor of a and u?
35
Let b be -678 - -823 - (1*-1 - -6). Calculate the highest common factor of 60 and b.
20
Let m be -2 - (-2 - 118/(-1)). Suppose -3*j - 5*b - 384 = -8*b, 4*b = 3*j + 381. Let d = m - j. What is the greatest common factor of d and 13?
13
Suppose 4*t - 3*q = t - 9, q + 1 = 5*t. Let b be 9/3*6/t. Let f = -3668 + 3704. Calculate the greatest common divisor of b and f.
18
Suppose 0 = 83*t - 80*t - 759. Let s(k) = k**2 - 3*k + 3. Let j be s(3). Suppose j*b = 7*b - 92. Calculate the greatest common factor of b and t.
23
Suppose -24 = -q + 3*k + 2138, 0 = 2*q - 3*k - 4321. Calculate the greatest common factor of q and 153.
17
Let h = 104 - 100. Suppose 0 = 4*b - 5*a - 2800, 0 = -0*a + h*a - 16. Let c = b + -497. What is the greatest common factor of c and 26?
26
Let b(j) = -j + 64. Let z = -13 - -13. Let f be b(z). Let r = 18 - 10. What is the highest common divisor of r and f?
8
Suppose 11*z + 5513 = -1637. Let r = 1034 + z. Calculate the greatest common factor of r and 96.
96
Suppose -13*b - 2*b = -240. Suppose 0 = -x - 4*k + 16 + 40, 2*x - 2*k - 82 = 0. What is the highest common divisor of b and x?
4
Suppose 0 = -9*r + 7*r + 14. Let c be -3 - (-292)/r - 6/(-21). Let n = 76 + -50. Calculate the greatest common divisor of c and n.
13
Let i(l) = 5*l**2 - 570*l - 2799. Let h be i(-5). What is the highest common factor of h and 128?
16
Suppose 3*n - 6 = n. Let f = 2325 + -2323. Suppose 3*g - 8*g - 15 = 0, n*t = -f*g + 99. What is the greatest common divisor of 5 and t?
5
Let i be -46*(3 + -2 - 16). Let j be (-7 - -12) + 16 + (1 - -8). Calculate the greatest common divisor of j and i.
30
Suppose -193*f - 95*f + 4309500 = 37*f. What is the greatest common factor of f and 20?
20
Let c(g) be the second derivative of 11*g**4/2 + 54*g. Let h be c(-1). Let d = 249 - 150. Calculate the highest com